{"id":63,"date":"2023-08-30T17:29:37","date_gmt":"2023-08-30T16:29:37","guid":{"rendered":"https:\/\/sgo.si\/index.php\/splosni-pogoji\/"},"modified":"2024-03-20T19:23:28","modified_gmt":"2024-03-20T19:23:28","slug":"splosni-pogoji","status":"publish","type":"page","link":"https:\/\/sgo.si\/index.php\/splosni-pogoji\/","title":{"rendered":"Splosni pogoji"},"content":{"rendered":"\n    \n    <section class=\"u-clearfix u-grey-5 u-section-2\" id=\"sec-9752\">\n      <div class=\"u-clearfix u-sheet u-valign-middle-xl u-sheet-1\">\n        <div class=\"u-align-center u-clearfix u-expanded-width-md u-expanded-width-sm u-expanded-width-xs u-group-elements u-group-elements-1\">\n          <p class=\"u-align-center u-custom-font u-font-georgia u-text u-text-default-md u-text-default-sm u-text-default-xs u-text-grey-80 u-text-1\" data-animation-name=\"customAnimationIn\" data-animation-duration=\"1000\" data-lang-en=\"<span style=&quot;font-weight: 700; font-size: 1.75rem;&quot; class=&quot;u-text-custom-color-3&quot;>SLO\u0160NI POGOJI<\/span><br>\u200b\u200b<br><span style=&quot;font-weight: 700;&quot;>Sprejemanje pogojev:<\/span><br>Z dostopom do te spletne strani&amp;nbsp;\u0160tajerski gospodarski Oskarji in njenih vsebin se strinjate s spodaj navedenimi splo\u0161nimi pogoji uporabe. \u010ce se s pogoji ne strinjate, vas prosimo, da ne uporabljate te spletne strani.<br><br><span style=&quot;font-weight: 700;&quot;>Intelektualna lastnina:<\/span><br>Vse vsebine na spletni strani \u0160tajerski gospodarski Oskarji, vklju\u010dno z besedilom, slikami, grafi\u010dnimi elementi, logotipi in programsko opremo, so za\u0161\u010ditene z avtorskimi pravicami in drugimi pravicami intelektualne lastnine. Brez izrecnega dovoljenja ni dovoljeno kopirati, razmno\u017eevati, distribuirati ali spreminjati teh vsebin.<br><br><span style=&quot;font-weight: 700;&quot;>Uporaba storitev:<\/span><br>Uporaba storitev, ki so na voljo na spletni strani \u0160tajerski gospodarski Oskarji, je dovoljena le za zakonite in legitimne namene. Prepovedano je izvajanje aktivnosti, ki bi lahko negativno vplivale na delovanje spletne strani, omre\u017eja ali druge uporabnike.<br><br><span style=&quot;font-weight: 700;&quot;>Omejitev odgovornosti:<\/span><br>Lastnik spletne strani \u0160tajerski gospodarski Oskarji ne prevzema nobene odgovornosti za morebitno izgubo ali \u0161kodo, ki bi izhajala iz uporabe spletne strani \u0160tajerski gospodarski Oskarji. Vsebina je na voljo &quot;tak\u0161na, kot je&quot;, in lastnik ne jam\u010di za njeno natan\u010dnost, popolnost ali primernost za dolo\u010den namen.<br><br><span style=&quot;font-weight: 700;&quot;>Zunanje povezave:<\/span><br>Spletna stran \u0160tajerski gospodarski Oskarji lahko vsebuje povezave do zunanjih spletnih mest. Lastnik nima nadzora nad vsebino teh strani in ne prevzema odgovornosti za njihovo vsebino ali delovanje.<br><br><span style=&quot;font-weight: 700;&quot;>Zasebnost:<\/span><br>Obdelava osebnih podatkov uporabnikov spletne strani \u0160tajerski gospodarski Oskarji poteka v skladu z veljavno zakonodajo o varstvu podatkov. Ve\u010d informacij je na voljo v Izjavi o zasebnosti, ki je na voljo na spletni strani.<br><br><span style=&quot;font-weight: 700;&quot;>Spremembe pogojev:<\/span><br>Lastnik si pridr\u017euje pravico do spremembe teh splo\u0161nih pogojev brez predhodnega obvestila. Uporabniki so dol\u017eni redno preverjati pogoje za morebitne spremembe.<br><br><span style=&quot;font-weight: 700;&quot;>Sprememba ali prekinitev storitev:<\/span><br>Lastnik si pridr\u017euje pravico do spremembe ali prekinitve katerekoli storitve ali funkcionalnosti na spletni strani \u0160tajerski gospodarski Oskarji brez predhodnega obvestila.<br><br><span style=&quot;font-weight: 700;&quot;>Pravno veljavnost:<\/span><br>\u010ce katera koli dolo\u010dba teh splo\u0161nih pogojev postane neveljavna ali neizvr\u0161ljiva, to ne vpliva na veljavnost ali izvr\u0161ljivost drugih dolo\u010db.<br><br><span style=&quot;font-weight: 700;&quot;>Veljavno pravo in pristojnost:<\/span><br>Ti splo\u0161ni pogoji in uporaba te spletne strani \u0160tajerski gospodarski Oskarji se urejata z zakoni dr\u017eave, v kateri ima lastnik spletne strani svoj sede\u017e. Morebitne spore se re\u0161ujejo pred pristojnim sodi\u0161\u010dem v Mariboru, kjer ima lastnik svoj sede\u017e.<br><br><span style=&quot;font-weight: 700;&quot;>Z uporabo strani se strinjate z zgoraj navedenimi splo\u0161nimi pogoji uporabe.&amp;nbsp;<br>V primeru nestrinjanja vas prosimo, da ne nadaljujete z uporabo te spletne strani.<\/span><br>\" data-lang-sl=\"<span style=&quot;font-weight: 700; font-size: 1.75rem;&quot; class=&quot;u-text-custom-color-3&quot;>SLO\u0160NI POGOJI<\/span><br>\u200b\u200b<br><span style=&quot;font-weight: 700;&quot;>Sprejemanje pogojev:<\/span><br>Z dostopom do te spletne strani&amp;nbsp;\u0160tajerski gospodarski Oskarji in njenih vsebin se strinjate s spodaj navedenimi splo\u0161nimi pogoji uporabe. \u010ce se s pogoji ne strinjate, vas prosimo, da ne uporabljate te spletne strani.<br><br><span style=&quot;font-weight: 700;&quot;>Intelektualna lastnina:<\/span><br>Vse vsebine na spletni strani \u0160tajerski gospodarski Oskarji, vklju\u010dno z besedilom, slikami, grafi\u010dnimi elementi, logotipi in programsko opremo, so za\u0161\u010ditene z avtorskimi pravicami in drugimi pravicami intelektualne lastnine. Brez izrecnega dovoljenja ni dovoljeno kopirati, razmno\u017eevati, distribuirati ali spreminjati teh vsebin.<br><br><span style=&quot;font-weight: 700;&quot;>Uporaba storitev:<\/span><br>Uporaba storitev, ki so na voljo na spletni strani \u0160tajerski gospodarski Oskarji, je dovoljena le za zakonite in legitimne namene. Prepovedano je izvajanje aktivnosti, ki bi lahko negativno vplivale na delovanje spletne strani, omre\u017eja ali druge uporabnike.<br><br><span style=&quot;font-weight: 700;&quot;>Omejitev odgovornosti:<\/span><br>Lastnik spletne strani \u0160tajerski gospodarski Oskarji ne prevzema nobene odgovornosti za morebitno izgubo ali \u0161kodo, ki bi izhajala iz uporabe spletne strani \u0160tajerski gospodarski Oskarji. Vsebina je na voljo &quot;tak\u0161na, kot je&quot;, in lastnik ne jam\u010di za njeno natan\u010dnost, popolnost ali primernost za dolo\u010den namen.<br><br><span style=&quot;font-weight: 700;&quot;>Zunanje povezave:<\/span><br>Spletna stran \u0160tajerski gospodarski Oskarji lahko vsebuje povezave do zunanjih spletnih mest. Lastnik nima nadzora nad vsebino teh strani in ne prevzema odgovornosti za njihovo vsebino ali delovanje.<br><br><span style=&quot;font-weight: 700;&quot;>Zasebnost:<\/span><br>Obdelava osebnih podatkov uporabnikov spletne strani \u0160tajerski gospodarski Oskarji poteka v skladu z veljavno zakonodajo o varstvu podatkov. Ve\u010d informacij je na voljo v Izjavi o zasebnosti, ki je na voljo na spletni strani.<br><br><span style=&quot;font-weight: 700;&quot;>Spremembe pogojev:<\/span><br>Lastnik si pridr\u017euje pravico do spremembe teh splo\u0161nih pogojev brez predhodnega obvestila. Uporabniki so dol\u017eni redno preverjati pogoje za morebitne spremembe.<br><br><span style=&quot;font-weight: 700;&quot;>Sprememba ali prekinitev storitev:<\/span><br>Lastnik si pridr\u017euje pravico do spremembe ali prekinitve katerekoli storitve ali funkcionalnosti na spletni strani \u0160tajerski gospodarski Oskarji brez predhodnega obvestila.<br><br><span style=&quot;font-weight: 700;&quot;>Pravno veljavnost:<\/span><br>\u010ce katera koli dolo\u010dba teh splo\u0161nih pogojev postane neveljavna ali neizvr\u0161ljiva, to ne vpliva na veljavnost ali izvr\u0161ljivost drugih dolo\u010db.<br><br><span style=&quot;font-weight: 700;&quot;>Veljavno pravo in pristojnost:<\/span><br>Ti splo\u0161ni pogoji in uporaba te spletne strani \u0160tajerski gospodarski Oskarji se urejata z zakoni dr\u017eave, v kateri ima lastnik spletne strani svoj sede\u017e. Morebitne spore se re\u0161ujejo pred pristojnim sodi\u0161\u010dem v Mariboru, kjer ima lastnik svoj sede\u017e.<br><br><span style=&quot;font-weight: 700;&quot;>Z uporabo strani se strinjate z zgoraj navedenimi splo\u0161nimi pogoji uporabe.&amp;nbsp;<br>V primeru nestrinjanja vas prosimo, da ne nadaljujete z uporabo te spletne strani.<\/span><br>\">\n            <span style=\"font-weight: 700; font-size: 1.75rem;\" class=\"u-text-custom-color-3\">SLO\u0160NI POGOJI<\/span>\n            <br>\n            <br>\n            <span style=\"font-weight: 700;\">Sprejemanje pogojev:<\/span>\n            <br>Z dostopom do te spletne strani&nbsp;\u200b\u0160tajerska gospodarska odli\u010dnost in njenih vsebin se strinjate s spodaj navedenimi splo\u0161nimi pogoji uporabe. \u010ce se s pogoji ne strinjate, vas prosimo, da ne uporabljate te spletne strani.<br>\n            <br>\n            <span style=\"font-weight: 700;\">Intelektualna lastnina:<\/span>\n            <br>Vse vsebine na spletni strani \u200b\u0160tajerska gospodarska odli\u010dnost, vklju\u010dno z besedilom, slikami, grafi\u010dnimi elementi, logotipi in programsko opremo, so za\u0161\u010ditene z avtorskimi pravicami in drugimi pravicami intelektualne lastnine. Brez izrecnega dovoljenja ni dovoljeno kopirati, razmno\u017eevati, distribuirati ali spreminjati teh vsebin.<br>\n            <br>\n            <span style=\"font-weight: 700;\">Uporaba storitev:<\/span>\n            <br>Uporaba storitev, ki so na voljo na spletni strani \u200b\u0160tajerska gospodarska odli\u010dnost, je dovoljena le za zakonite in legitimne namene. Prepovedano je izvajanje aktivnosti, ki bi lahko negativno vplivale na delovanje spletne strani, omre\u017eja ali druge uporabnike.<br>\n            <br>\n            <span style=\"font-weight: 700;\">Omejitev odgovornosti:<\/span>\n            <br>Lastnik spletne strani \u200b\u0160tajerska gospodarska odli\u010dnost ne prevzema nobene odgovornosti za morebitno izgubo ali \u0161kodo, ki bi izhajala iz uporabe spletne strani \u0160tajerski gospodarski Oskarji. Vsebina je na voljo \"tak\u0161na, kot je\", in lastnik ne jam\u010di za njeno natan\u010dnost, popolnost ali primernost za dolo\u010den namen.<br>\n            <br>\n            <span style=\"font-weight: 700;\">Zunanje povezave:<\/span>\n            <br>Spletna stran \u200b\u0160tajerska gospodarska odli\u010dnost lahko vsebuje povezave do zunanjih spletnih mest. Lastnik nima nadzora nad vsebino teh strani in ne prevzema odgovornosti za njihovo vsebino ali delovanje.<br>\n            <br>\n            <span style=\"font-weight: 700;\">Zasebnost:<\/span>\n            <br>Obdelava osebnih podatkov uporabnikov spletne strani \u200b\u0160tajerska gospodarska odli\u010dnost poteka v skladu z veljavno zakonodajo o varstvu podatkov. Ve\u010d informacij je na voljo v Izjavi o zasebnosti, ki je na voljo na spletni strani.<br>\n            <br>\n            <span style=\"font-weight: 700;\">Spremembe pogojev:<\/span>\n            <br>Lastnik si pridr\u017euje pravico do spremembe teh splo\u0161nih pogojev brez predhodnega obvestila. Uporabniki so dol\u017eni redno preverjati pogoje za morebitne spremembe.<br>\n            <br>\n            <span style=\"font-weight: 700;\">Sprememba ali prekinitev storitev:<\/span>\n            <br>Lastnik si pridr\u017euje pravico do spremembe ali prekinitve katerekoli storitve ali funkcionalnosti na spletni strani \u200b\u0160tajerska gospodarska odli\u010dnost brez predhodnega obvestila.<br>\n            <br>\n            <span style=\"font-weight: 700;\">Pravno veljavnost:<\/span>\n            <br>\u010ce katera koli dolo\u010dba teh splo\u0161nih pogojev postane neveljavna ali neizvr\u0161ljiva, to ne vpliva na veljavnost ali izvr\u0161ljivost drugih dolo\u010db.<br>\n            <br>\n            <span style=\"font-weight: 700;\">Veljavno pravo in pristojnost:<\/span>\n            <br>Ti splo\u0161ni pogoji in uporaba te spletne strani \u200b\u0160tajerska gospodarska odli\u010dnost se urejata z zakoni dr\u017eave, v kateri ima lastnik spletne strani svoj sede\u017e. Morebitne spore se re\u0161ujejo pred pristojnim sodi\u0161\u010dem v Mariboru, kjer ima lastnik svoj sede\u017e.<br>\n            <br>\n            <span style=\"font-weight: 700;\">Z uporabo strani se strinjate z zgoraj navedenimi splo\u0161nimi pogoji uporabe.&nbsp;<br>V primeru nestrinjanja vas prosimo, da ne nadaljujete z uporabo te spletne strani. \n            <\/span>\n            <br>\n          <\/p>\n        <\/div>\n      <\/div>\n    <\/section>\n    \n    \n  \n","protected":false},"excerpt":{"rendered":"<p>SLO\u0160NI POGOJI Sprejemanje pogojev: Z dostopom do te spletne strani&nbsp;\u200b\u0160tajerska gospodarska odli\u010dnost in njenih vsebin se strinjate s spodaj navedenimi splo\u0161nimi pogoji uporabe. \u010ce se s pogoji ne strinjate, vas prosimo, da ne uporabljate te spletne strani. Intelektualna lastnina: Vse vsebine na spletni strani \u200b\u0160tajerska gospodarska odli\u010dnost, vklju\u010dno z besedilom, slikami, grafi\u010dnimi elementi, logotipi in &hellip; <a href=\"https:\/\/sgo.si\/index.php\/splosni-pogoji\/\" class=\"more-link\">Continue reading<span class=\"screen-reader-text\"> &#8220;Splosni pogoji&#8221;<\/span><\/a><\/p>\n","protected":false},"author":1,"featured_media":0,"parent":0,"menu_order":2,"comment_status":"closed","ping_status":"closed","template":"","meta":{"footnotes":""},"class_list":["post-63","page","type-page","status-publish","hentry"],"yoast_head":"<!-- This site is optimized with the Yoast SEO plugin v21.1 - https:\/\/yoast.com\/wordpress\/plugins\/seo\/ -->\n<title>Splosni pogoji - \u0160tajerska gospodarska odli\u010dnost<\/title>\n<meta name=\"robots\" content=\"index, follow, max-snippet:-1, max-image-preview:large, max-video-preview:-1\" \/>\n<link rel=\"canonical\" href=\"https:\/\/sgo.si\/index.php\/splosni-pogoji\/\" \/>\n<meta property=\"og:locale\" content=\"sl_SI\" \/>\n<meta property=\"og:type\" content=\"article\" \/>\n<meta property=\"og:title\" content=\"Splosni pogoji - \u0160tajerska gospodarska odli\u010dnost\" \/>\n<meta property=\"og:description\" content=\"SLO\u0160NI POGOJI Sprejemanje pogojev: Z dostopom do te spletne strani&nbsp;\u200b\u0160tajerska gospodarska odli\u010dnost in njenih vsebin se strinjate s spodaj navedenimi splo\u0161nimi pogoji uporabe. \u010ce se s pogoji ne strinjate, vas prosimo, da ne uporabljate te spletne strani. Intelektualna lastnina: Vse vsebine na spletni strani \u200b\u0160tajerska gospodarska odli\u010dnost, vklju\u010dno z besedilom, slikami, grafi\u010dnimi elementi, logotipi in &hellip; Continue reading &quot;Splosni pogoji&quot;\" \/>\n<meta property=\"og:url\" content=\"https:\/\/sgo.si\/index.php\/splosni-pogoji\/\" \/>\n<meta property=\"og:site_name\" content=\"\u0160tajerska gospodarska odli\u010dnost\" \/>\n<meta property=\"article:publisher\" content=\"https:\/\/www.facebook.com\/profile.php?id=61550340249759\" \/>\n<meta property=\"article:modified_time\" content=\"2024-03-20T19:23:28+00:00\" \/>\n<meta name=\"twitter:card\" content=\"summary_large_image\" \/>\n<meta name=\"twitter:label1\" content=\"Est. reading time\" \/>\n\t<meta name=\"twitter:data1\" content=\"2 minuti\" \/>\n<script type=\"application\/ld+json\" class=\"yoast-schema-graph\">{\"@context\":\"https:\/\/schema.org\",\"@graph\":[{\"@type\":\"WebPage\",\"@id\":\"https:\/\/sgo.si\/index.php\/splosni-pogoji\/\",\"url\":\"https:\/\/sgo.si\/index.php\/splosni-pogoji\/\",\"name\":\"Splosni pogoji - \u0160tajerska gospodarska odli\u010dnost\",\"isPartOf\":{\"@id\":\"https:\/\/sgo.si\/#website\"},\"datePublished\":\"2023-08-30T16:29:37+00:00\",\"dateModified\":\"2024-03-20T19:23:28+00:00\",\"breadcrumb\":{\"@id\":\"https:\/\/sgo.si\/index.php\/splosni-pogoji\/#breadcrumb\"},\"inLanguage\":\"sl-SI\",\"potentialAction\":[{\"@type\":\"ReadAction\",\"target\":[\"https:\/\/sgo.si\/index.php\/splosni-pogoji\/\"]}]},{\"@type\":\"BreadcrumbList\",\"@id\":\"https:\/\/sgo.si\/index.php\/splosni-pogoji\/#breadcrumb\",\"itemListElement\":[{\"@type\":\"ListItem\",\"position\":1,\"name\":\"Home\",\"item\":\"https:\/\/sgo.si\/\"},{\"@type\":\"ListItem\",\"position\":2,\"name\":\"Splosni pogoji\"}]},{\"@type\":\"WebSite\",\"@id\":\"https:\/\/sgo.si\/#website\",\"url\":\"https:\/\/sgo.si\/\",\"name\":\"\u0160tajerska gospodarska odli\u010dnost\",\"description\":\"\",\"potentialAction\":[{\"@type\":\"SearchAction\",\"target\":{\"@type\":\"EntryPoint\",\"urlTemplate\":\"https:\/\/sgo.si\/?s={search_term_string}\"},\"query-input\":\"required name=search_term_string\"}],\"inLanguage\":\"sl-SI\"}]}<\/script>\n<!-- \/ Yoast SEO plugin. -->","yoast_head_json":{"title":"Splosni pogoji - \u0160tajerska gospodarska odli\u010dnost","robots":{"index":"index","follow":"follow","max-snippet":"max-snippet:-1","max-image-preview":"max-image-preview:large","max-video-preview":"max-video-preview:-1"},"canonical":"https:\/\/sgo.si\/index.php\/splosni-pogoji\/","og_locale":"sl_SI","og_type":"article","og_title":"Splosni pogoji - \u0160tajerska gospodarska odli\u010dnost","og_description":"SLO\u0160NI POGOJI Sprejemanje pogojev: Z dostopom do te spletne strani&nbsp;\u200b\u0160tajerska gospodarska odli\u010dnost in njenih vsebin se strinjate s spodaj navedenimi splo\u0161nimi pogoji uporabe. \u010ce se s pogoji ne strinjate, vas prosimo, da ne uporabljate te spletne strani. Intelektualna lastnina: Vse vsebine na spletni strani \u200b\u0160tajerska gospodarska odli\u010dnost, vklju\u010dno z besedilom, slikami, grafi\u010dnimi elementi, logotipi in &hellip; Continue reading \"Splosni pogoji\"","og_url":"https:\/\/sgo.si\/index.php\/splosni-pogoji\/","og_site_name":"\u0160tajerska gospodarska odli\u010dnost","article_publisher":"https:\/\/www.facebook.com\/profile.php?id=61550340249759","article_modified_time":"2024-03-20T19:23:28+00:00","twitter_card":"summary_large_image","twitter_misc":{"Est. reading time":"2 minuti"},"schema":{"@context":"https:\/\/schema.org","@graph":[{"@type":"WebPage","@id":"https:\/\/sgo.si\/index.php\/splosni-pogoji\/","url":"https:\/\/sgo.si\/index.php\/splosni-pogoji\/","name":"Splosni pogoji - \u0160tajerska gospodarska odli\u010dnost","isPartOf":{"@id":"https:\/\/sgo.si\/#website"},"datePublished":"2023-08-30T16:29:37+00:00","dateModified":"2024-03-20T19:23:28+00:00","breadcrumb":{"@id":"https:\/\/sgo.si\/index.php\/splosni-pogoji\/#breadcrumb"},"inLanguage":"sl-SI","potentialAction":[{"@type":"ReadAction","target":["https:\/\/sgo.si\/index.php\/splosni-pogoji\/"]}]},{"@type":"BreadcrumbList","@id":"https:\/\/sgo.si\/index.php\/splosni-pogoji\/#breadcrumb","itemListElement":[{"@type":"ListItem","position":1,"name":"Home","item":"https:\/\/sgo.si\/"},{"@type":"ListItem","position":2,"name":"Splosni pogoji"}]},{"@type":"WebSite","@id":"https:\/\/sgo.si\/#website","url":"https:\/\/sgo.si\/","name":"\u0160tajerska gospodarska odli\u010dnost","description":"","potentialAction":[{"@type":"SearchAction","target":{"@type":"EntryPoint","urlTemplate":"https:\/\/sgo.si\/?s={search_term_string}"},"query-input":"required name=search_term_string"}],"inLanguage":"sl-SI"}]}},"_links":{"self":[{"href":"https:\/\/sgo.si\/index.php\/wp-json\/wp\/v2\/pages\/63","targetHints":{"allow":["GET"]}}],"collection":[{"href":"https:\/\/sgo.si\/index.php\/wp-json\/wp\/v2\/pages"}],"about":[{"href":"https:\/\/sgo.si\/index.php\/wp-json\/wp\/v2\/types\/page"}],"author":[{"embeddable":true,"href":"https:\/\/sgo.si\/index.php\/wp-json\/wp\/v2\/users\/1"}],"replies":[{"embeddable":true,"href":"https:\/\/sgo.si\/index.php\/wp-json\/wp\/v2\/comments?post=63"}],"version-history":[{"count":4,"href":"https:\/\/sgo.si\/index.php\/wp-json\/wp\/v2\/pages\/63\/revisions"}],"predecessor-version":[{"id":280,"href":"https:\/\/sgo.si\/index.php\/wp-json\/wp\/v2\/pages\/63\/revisions\/280"}],"wp:attachment":[{"href":"https:\/\/sgo.si\/index.php\/wp-json\/wp\/v2\/media?parent=63"}],"curies":[{"name":"wp","href":"https:\/\/api.w.org\/{rel}","templated":true}]}}